w be l(-4). Let g = w + k. What are the prime factors of g?
2, 41
Let o = -13069 + 53780. What are the prime factors of o?
11, 3701
Let r(q) be the first derivative of 5*q**3/3 - 137*q**2/2 + 27*q + 217. List the prime factors of r(36).
3, 5, 7
Let f = -87 + -1344. Let a = f - -2335. List the prime factors of a.
2, 113
Let h(d) = 53*d**3 + 7*d**2 + 81*d - 493. List the prime factors of h(6).
11, 1063
Let h = 959 - 3852. Let z = h - -4122. What are the prime factors of z?
1229
Suppose -5*w = 2*l - 604, -w + 4*l - 25 = -137. Suppose 5*d + 15 = 10*d. Suppose -6*t + d*h + 69 = -2*t, 5*t + 3*h = w. List the prime factors of t.
3, 7
List the prime factors of 983/1 - (-5 - -8 - -2).
2, 3, 163
Let v(n) = -5*n**3 + 2*n + 2. Let m(y) = -11*y**3 + 4*y + 3. Let i(t) = -3*m(t) + 5*v(t). List the prime factors of i(2).
61
Suppose 4*l + 17157 = 5*s, 0 = s + 12*l - 16*l - 3441. List the prime factors of s.
3, 127
Let o(u) = -461*u - 30. Let a be o(-7). Suppose -5*x + 503 + a = 0. List the prime factors of x.
2, 5, 37
Suppose 295*t = 300*t - 50. Suppose 7*z + 435 = t*z. Let f = z - -28. What are the prime factors of f?
173
Let g(i) = 46*i + 113. Let j(t) = 231*t + 564. Let f(h) = 11*g(h) - 2*j(h). What are the prime factors of f(12)?
643
Let j(m) = 2743*m + 971. What are the prime factors of j(13)?
2, 3, 5, 11, 37
Suppose 0 = 10*u - 2*u - 416. Let w = u - 49. Suppose 12*t - 1233 = w*t. What are the prime factors of t?
137
Suppose -3*c = 6*c + 819. Let d = c - -99. Suppose -d*m = -5*m - 429. What are the prime factors of m?
11, 13
Let r = 37205 + -332. What are the prime factors of r?
3, 17, 241
Suppose -244*i = -246*i + 108. List the prime factors of 17847/6*24/i.
2, 661
Let t(u) = -30*u + 6051. List the prime factors of t(0).
3, 2017
List the prime factors of ((-89896)/(-170))/((-4)/(-10)).
2, 661
Suppose -3*m = c - 242, -c + 3*m + 140 + 108 = 0. Let z = -223 + 195. Let k = c - z. What are the prime factors of k?
3, 7, 13
Let z = -242 + 273. Suppose 0 = -z*i + 33*i - 600. List the prime factors of i.
2, 3, 5
Let z(h) = h**2 + 5*h - 13. Suppose -11*g = 116 - 39. Let k be z(g). Suppose -q + 107 = -k. What are the prime factors of q?
2, 3
Suppose 9562 = b + 4*k - 38437, 47975 = b - 4*k. What are the prime factors of b?
47, 1021
Suppose 8*t + 23 + 65 = 0. Let o(u) = -16*u**2 - 70*u + 34. Let k(g) = -3*g**2 - 14*g + 7. Let j(b) = 11*k(b) - 2*o(b). List the prime factors of j(t).
2, 3, 7
Let n(p) be the first derivative of 141*p**4/2 - 4*p**3/3 + p**2/2 + p - 155. What are the prime factors of n(1)?
2, 5, 7
Let j be ((-64)/(-80))/(2/5). Suppose -j*h - 35 = 37. List the prime factors of (h/(-16))/(1/12).
3
Suppose 0 = -3*o + 5*o - 16565 + 1295. List the prime factors of o.
3, 5, 509
Suppose -71500 = -g + y, -30*g + 29*g + 71495 = 4*y. List the prime factors of g.
3, 23833
Let o(n) = -7*n + 3. Let h(j) be the first derivative of -3*j**2/2 + 2*j + 9. Let v(f) = 5*h(f) - 3*o(f). List the prime factors of v(14).
5, 17
Let h(f) = -f**3 - f**2 + 21*f - 5. Let x be h(7). List the prime factors of (-1 - (-30)/12)/((-1)/x).
3, 5
Let q be (4/3)/(-4)*0. Suppose 325 = 4*u + d, q*d = -3*u + 3*d + 225. List the prime factors of u.
2, 5
Suppose -2*j = 5*o - 113517, 728*o + 68091 = 731*o - 2*j. What are the prime factors of o?
3, 7, 23, 47
Let x(c) = 3681*c**2 - 68 + 15*c + 0*c**3 - c**3 - 3670*c**2. List the prime factors of x(7).
233
Suppose 21190 = 62*z - 58*z + 3*c, 5302 = z + 3*c. List the prime factors of z.
2, 331
Let s = -10562 - -15599. Suppose 0 = -4*u - 5*b + s, 0 = 2*u - b - 1442 - 1087. List the prime factors of u.
3, 421
Let d(g) = -g**3 - 14*g**2 + 11*g + 50. Let f be d(-17). Suppose -3*r - 247 = -f. What are the prime factors of r?
7, 23
Suppose 6*w + 9 = 5*w. Let b(c) = 4*c**2 + 4*c - 4. Let j(m) = 7*m**2 + 9*m - 9. Let z(l) = -5*b(l) + 3*j(l). What are the prime factors of z(w)?
11
Suppose -8*p + 1025 = -2831. Suppose 0 = -2*b + 3*b + 2*h - 90, 5*b - p = -2*h. Let z = -28 + b. List the prime factors of z.
2, 5, 7
Suppose -5*q + 6989 - 31604 = 0. What are the prime factors of -1 - ((-5)/(-20) - q/(-12))?
409
Let i be (-22)/(-4) + 14/4 + -3. Suppose -4*t + 5*f = -31 + i, -3*t + 19 = -4*f. Suppose -t*l = -14*l + 801. What are the prime factors of l?
89
Suppose 762 + 597 = 3*x. Let u = x + 186. What are the prime factors of u?
3, 71
Let t be (0 + -3 - -3) + (-2)/1. Let i(m) = 114*m**2 + 14*m + 30. What are the prime factors of i(t)?
2, 229
Let m(r) = 29*r - 143. Let b be m(5). Suppose -4*i = j - 908, -4*j + 6*j + 454 = b*i. List the prime factors of i.
227
Let y(o) = 9*o - 41. Let q be y(4). Let j(t) = 21*t**2 + 13*t + 38. List the prime factors of j(q).
2, 3, 83
Let w(k) = 663*k**2 + 6*k + 40. What are the prime factors of w(-3)?
53, 113
Let q = 237 + -234. List the prime factors of 6/q - 2475/(-5).
7, 71
Let y(w) = -7*w**2 + w**3 + 20*w**2 - w - 4 - 7. Let b be y(-13). Let c(m) = 60*m + 2. What are the prime factors of c(b)?
2, 61
Suppose 4*o = 2*o + 2, -4*y + 2*o = 1802. Let p = y - -824. List the prime factors of p.
2, 11, 17
Let p be ((-6)/(-4))/(6/8). Let v(n) = 6*n + 1. Let d be v(p). Suppose -d*x = -4*x - 612. List the prime factors of x.
2, 17
Let w(y) = -y**3 - 6*y**2 - 7*y + 15. Let j be (3 - 1) + (-2)/1 + 2. Let l be -14*((-1)/2 - (-2)/j). List the prime factors of w(l).
113
Let r(q) = 29*q**2 - 297. What are the prime factors of r(13)?
2, 1151
Let m(o) = -692*o - 41. Let b(t) = -4*t + 117. Let q be b(30). What are the prime factors of m(q)?
5, 11, 37
Let g = -66 + 64. Let k be 54/((9/g)/9). Let v = 112 + k. List the prime factors of v.
2
What are the prime factors of ((-6 - 32)/(10/275))/(-1)?
5, 11, 19
Let d = 2 - -18. Suppose d*r - 4*r = 7520. What are the prime factors of r?
2, 5, 47
Suppose -8*f + 9*f = 0. Suppose -2*k + 228 = -f*k. List the prime factors of k.
2, 3, 19
Suppose 5*g - 2*g - n - 1596 = 0, 0 = -5*g + 3*n + 2664. Suppose 5*b - g = -111. Suppose -5*i - 9 = -t, -3*t + b = 5*i - i. What are the prime factors of t?
2, 3
Suppose 3*b - 5*b = 0. Let o(c) = -c**2 - 15*c - 42. Let i be o(-10). Suppose 2*v - i = b, 2*d + v - 268 = -2*v. List the prime factors of d.
2
Let p(b) = -b**3 - b**2 + 227*b + 83014. What are the prime factors of p(0)?
2, 41507
Suppose -3*y + 96 = -3*m, -3*y = 5*m - 2*y + 172. Let q be m/4*(-252)/21. Suppose 8*a - q = 58. List the prime factors of a.
2, 5
Let k = -7 - -7. Suppose 2*i - 3*p - 2*p - 133 = 0, -2*p + 10 = k. Suppose -3*v = -59 - i. What are the prime factors of v?
2, 23
Let f be (18 - 12)*(-38)/(-6). Let u = f - 33. Suppose 3*p = -p + u*c + 107, 4*c = -4*p + 80. What are the prime factors of p?
23
Suppose 0 = 7*l - 9*l. Suppose -478 = -5*d - 3*o, l = d - 3*o - 123 + 31. What are the prime factors of d?
5, 19
Let g(p) = -p**3 + 12*p**2 + 25*p + 48. Let j be g(13). Let t = j - -431. List the prime factors of t.
5, 127
Let s(u) = 34*u + 7 - 13 - 29 - 4. Let o be s(-6). Let c = 21 - o. List the prime factors of c.
2, 3, 11
Let m(t) = 173*t**3 - 22*t + 71. What are the prime factors of m(3)?
2, 7, 167
Suppose -20 = -0*d - d. Suppose -7*p + 610 = -2*p. Let q = p - d. What are the prime factors of q?
2, 3, 17
Let w = 503 + -300. Let q = -87 + w. Suppose -4*d = -3*d - q. List the prime factors of d.
2, 29
Suppose 0 = -2*f - 6, -93*v + f = -97*v + 2197. List the prime factors of v.
2, 5, 11
Suppose -4*j - 70 = 3*u, -u - 2 - 16 = -4*j. List the prime factors of u*(-245)/10*(-18)/(-21).
2, 3, 7, 11
Let s = -284 + 327. Let g = 109 + s. List the prime factors of g.
2, 19
Let q(n) = n**3 + 22*n**2 + 26*n + 11. Let f be q(-21). Let a = f - -220. What are the prime factors of a?
2, 3, 7
What are the prime factors of (-1080)/(-405)*(-75354)/(-8)?
2, 19, 661
Let o be ((-3)/(-2))/((-75)/(-200)). Suppose -30 + 14 = -o*a. Suppose -6*u = -u - 25, -a*u + 215 = 5*z. List the prime factors of z.
3, 13
Let r(j) = 244*j**3 - 7*j**2 + 19*j - 11. What are the prime factors of r(3)?
6571
Suppose 2*p - 16 = 2*w - 18, 3*p + 4 = 4*w. Suppose w = 6*o - 455. List the prime factors of o.
2, 19
Let o(w) = 614*w**2 - 7*w - 39. What are the prime factors of o(-5)?
2, 7673
Let q = 32945 + -7254. What are the prime factors of q?
23, 1117
Let g(q) = -8*q - 6. Let i(j) = -8*j - 7. Let c(x) = -2*g(x) + 3*i(x). Let t = -7 + 3. List the prime factors o